{"id":1497,"date":"2024-04-03T15:42:56","date_gmt":"2024-04-03T15:42:56","guid":{"rendered":"https:\/\/servel.com.br\/?post_type=product&#038;p=1497"},"modified":"2024-12-11T12:41:05","modified_gmt":"2024-12-11T12:41:05","slug":"s-way-480-6x2","status":"publish","type":"product","link":"https:\/\/servel.com.br\/?product=s-way-480-6x2","title":{"rendered":"S-WAY 480 6X2"},"content":{"rendered":"<p>IVECO S-Way \u00e9 o gigante das estradas que re\u00fane desempenho, economia e um design que encanta. Tudo o que voc\u00ea precisa para aumentar sua qualidade de vida a bordo e tornar suas entregas mais r\u00e1pidas e seguras.<\/p>\n<p>\u00c9 uma solu\u00e7\u00e3o que re\u00fane conforto e tecnologia para garantir n\u00e3o apenas uma viagem tranquila, mas tamb\u00e9m entregas r\u00e1pidas e seguras. Um gigante nas estradas que supera qualquer desafio com pot\u00eancia e alta perfomance.<\/p>\n<p class=\"paragraphy text-base text-cinza-iveco max-w-[520px]\">Mais agilidade e menor esfor\u00e7o f\u00edsico com pot\u00eancia de 480 at\u00e9 540 cavalos e torque de at\u00e9 2.550 Nm<\/p>\n<p class=\"paragraphy text-base text-cinza-iveco max-w-[520px]\">O motor FPT Cursor 13, Euro 6 (Proconve P8) com turbo HI-eSCR garante alta efici\u00eancia, melhor performance e baixo consumo de combust\u00edvel.<\/p>\n<ul class=\"list-disc-custom text-base text-cinza-iveco\">\n<li class=\"azul-iveco\">Menor complexidade<\/li>\n<li class=\"azul-iveco\">Menor custo de manuten\u00e7\u00e3o<\/li>\n<li class=\"azul-iveco\">Redu\u00e7\u00e3o de at\u00e9 15% de consumo de combust\u00edvel<\/li>\n<\/ul>\n<p>IVECO S-Way \u00e9 a escolha inteligente para quem quer ir mais longe. O pesado ideal para desbravar longas dist\u00e2ncias, com tecnologia e conforto acima da m\u00e9dia, resultando em viagens seguras, eficientes e tranquilas. Esse gigante supera os mais duros desafios, sendo ideal para o transporte de cargas urgentes (com hor\u00e1rio pr\u00e9-definido), volumosas, opera\u00e7\u00f5es de transporte de longa dist\u00e2ncia noturnas, al\u00e9m de ser adequado para tracionar composi\u00e7\u00f5es entre 7 e 9 eixos.<\/p>\n<p>Um caminh\u00e3o pesado forte, inteligente e robusto que se adapta a qualquer opera\u00e7\u00e3o. Com um design \u00fanico, moderno e vers\u00e1til, o IVECO S-Way entrega alta performance nas mais variadas aplica\u00e7\u00f5es, dentro e fora da estrada, e nas miss\u00f5es mais desafiadoras. Seja para transportar cargas volumosas, m\u00e1quinas de constru\u00e7\u00e3o, suprimentos e oferecer apoio log\u00edstico.<\/p>\n","protected":false},"excerpt":{"rendered":"<p>IVECO S-Way \u00e9 o gigante das estradas que re\u00fane desempenho, economia e um design que encanta. Tudo o que voc\u00ea precisa para aumentar sua qualidade de vida a bordo e tornar suas entregas mais r\u00e1pidas e seguras. \u00c9 uma solu\u00e7\u00e3o que re\u00fane conforto e tecnologia para garantir n\u00e3o apenas uma viagem tranquila, mas tamb\u00e9m entregas [&hellip;]<\/p>\n","protected":false},"featured_media":1500,"comment_status":"open","ping_status":"closed","template":"","meta":{"_acf_changed":false},"product_brand":[],"product_cat":[37,28],"product_tag":[],"class_list":{"0":"post-1497","1":"product","2":"type-product","3":"status-publish","4":"has-post-thumbnail","6":"product_cat-caminhoes-pesados","7":"product_cat-iveco","9":"first","10":"instock","11":"shipping-taxable","12":"purchasable","13":"product-type-simple"},"acf":[],"_links":{"self":[{"href":"https:\/\/servel.com.br\/index.php?rest_route=\/wp\/v2\/product\/1497","targetHints":{"allow":["GET"]}}],"collection":[{"href":"https:\/\/servel.com.br\/index.php?rest_route=\/wp\/v2\/product"}],"about":[{"href":"https:\/\/servel.com.br\/index.php?rest_route=\/wp\/v2\/types\/product"}],"replies":[{"embeddable":true,"href":"https:\/\/servel.com.br\/index.php?rest_route=%2Fwp%2Fv2%2Fcomments&post=1497"}],"wp:featuredmedia":[{"embeddable":true,"href":"https:\/\/servel.com.br\/index.php?rest_route=\/wp\/v2\/media\/1500"}],"wp:attachment":[{"href":"https:\/\/servel.com.br\/index.php?rest_route=%2Fwp%2Fv2%2Fmedia&parent=1497"}],"wp:term":[{"taxonomy":"product_brand","embeddable":true,"href":"https:\/\/servel.com.br\/index.php?rest_route=%2Fwp%2Fv2%2Fproduct_brand&post=1497"},{"taxonomy":"product_cat","embeddable":true,"href":"https:\/\/servel.com.br\/index.php?rest_route=%2Fwp%2Fv2%2Fproduct_cat&post=1497"},{"taxonomy":"product_tag","embeddable":true,"href":"https:\/\/servel.com.br\/index.php?rest_route=%2Fwp%2Fv2%2Fproduct_tag&post=1497"}],"curies":[{"name":"wp","href":"https:\/\/api.w.org\/{rel}","templated":true}]}}