{"id":1836,"date":"2024-04-04T18:33:18","date_gmt":"2024-04-04T18:33:18","guid":{"rendered":"https:\/\/servel.com.br\/?post_type=product&#038;p=1836"},"modified":"2024-04-05T11:27:07","modified_gmt":"2024-04-05T11:27:07","slug":"tensor-de-correia","status":"publish","type":"product","link":"https:\/\/servel.com.br\/?product=tensor-de-correia","title":{"rendered":"Tensor De Correia"},"content":{"rendered":"<p>O tensor de correia \u00e9 uma pe\u00e7a essencial em sistemas de transmiss\u00e3o por correia, como os encontrados em motores de ve\u00edculos e equipamentos industriais. Sua fun\u00e7\u00e3o principal \u00e9 manter a tens\u00e3o adequada na correia, garantindo um contato firme e eficiente entre a correia e as polias ou engrenagens do sistema. Isso ajuda a prevenir o deslizamento da correia, o que poderia resultar em perda de pot\u00eancia ou mau funcionamento do equipamento.<\/p>\n<p>Na New Holland, os tensores de correia s\u00e3o projetados para oferecer durabilidade e desempenho confi\u00e1vel em uma variedade de condi\u00e7\u00f5es operacionais. Eles s\u00e3o fabricados com materiais de alta qualidade e precis\u00e3o, e s\u00e3o projetados para resistir ao desgaste e \u00e0 fadiga, proporcionando uma tens\u00e3o consistente da correia ao longo do tempo. Com sua import\u00e2ncia para o funcionamento adequado do sistema de transmiss\u00e3o, os tensores de correia da New Holland desempenham um papel crucial na opera\u00e7\u00e3o eficiente de seus equipamentos agr\u00edcolas e de constru\u00e7\u00e3o.<\/p>\n","protected":false},"excerpt":{"rendered":"<p>O tensor de correia \u00e9 uma pe\u00e7a essencial em sistemas de transmiss\u00e3o por correia, como os encontrados em motores de ve\u00edculos e equipamentos industriais. Sua fun\u00e7\u00e3o principal \u00e9 manter a tens\u00e3o adequada na correia, garantindo um contato firme e eficiente entre a correia e as polias ou engrenagens do sistema. Isso ajuda a prevenir o [&hellip;]<\/p>\n","protected":false},"featured_media":1827,"comment_status":"open","ping_status":"closed","template":"","meta":{"_acf_changed":false},"product_brand":[],"product_cat":[64,67],"product_tag":[],"class_list":{"0":"post-1836","1":"product","2":"type-product","3":"status-publish","4":"has-post-thumbnail","6":"product_cat-pecas","7":"product_cat-peca-new-holland","9":"first","10":"instock","11":"shipping-taxable","12":"product-type-simple"},"acf":[],"_links":{"self":[{"href":"https:\/\/servel.com.br\/index.php?rest_route=\/wp\/v2\/product\/1836","targetHints":{"allow":["GET"]}}],"collection":[{"href":"https:\/\/servel.com.br\/index.php?rest_route=\/wp\/v2\/product"}],"about":[{"href":"https:\/\/servel.com.br\/index.php?rest_route=\/wp\/v2\/types\/product"}],"replies":[{"embeddable":true,"href":"https:\/\/servel.com.br\/index.php?rest_route=%2Fwp%2Fv2%2Fcomments&post=1836"}],"wp:featuredmedia":[{"embeddable":true,"href":"https:\/\/servel.com.br\/index.php?rest_route=\/wp\/v2\/media\/1827"}],"wp:attachment":[{"href":"https:\/\/servel.com.br\/index.php?rest_route=%2Fwp%2Fv2%2Fmedia&parent=1836"}],"wp:term":[{"taxonomy":"product_brand","embeddable":true,"href":"https:\/\/servel.com.br\/index.php?rest_route=%2Fwp%2Fv2%2Fproduct_brand&post=1836"},{"taxonomy":"product_cat","embeddable":true,"href":"https:\/\/servel.com.br\/index.php?rest_route=%2Fwp%2Fv2%2Fproduct_cat&post=1836"},{"taxonomy":"product_tag","embeddable":true,"href":"https:\/\/servel.com.br\/index.php?rest_route=%2Fwp%2Fv2%2Fproduct_tag&post=1836"}],"curies":[{"name":"wp","href":"https:\/\/api.w.org\/{rel}","templated":true}]}}