{"id":1891,"date":"2024-10-31T17:09:14","date_gmt":"2024-10-31T17:09:14","guid":{"rendered":"https:\/\/servel.com.br\/?post_type=product&#038;p=1891"},"modified":"2024-11-05T14:14:54","modified_gmt":"2024-11-05T14:14:54","slug":"daily-65-180","status":"publish","type":"product","link":"https:\/\/servel.com.br\/?product=daily-65-180","title":{"rendered":"DAILY 65-180"},"content":{"rendered":"<p>Com uma capacidade ainda maior para o transporte de cargas em geral, o Caminh\u00e3o Iveco Daily 65-180 conta com uma cabine completa, mais segura e confort\u00e1vel para oferecer a melhor experi\u00eancia poss\u00edvel aos motoristas.<\/p>\n<p>O que j\u00e1 era excelente foi aperfei\u00e7oado, o que trouxe mais desempenho ao modelo, proporcionando mais facilidade em manobras, respostas mais r\u00e1pidas do motor e com menor necessidade na troca de marchas.<\/p>\n<p>Conforto e agilidade com tecnologia de \u00faltima gera\u00e7\u00e3o com um novo pacote de multim\u00eddia, al\u00e9m de um porta objeto que garante mais praticidade e organiza\u00e7\u00e3o interna.<br \/>\nO Caminh\u00e3o Iveco Daily 65-180 \u00e9 a melhor op\u00e7\u00e3o com maior capacidade de carga e a agilidade de um carro.<\/p>\n<div class=\"elementor-element elementor-element-eecfd26 elementor-widget elementor-widget-text-editor\" data-id=\"eecfd26\" data-element_type=\"widget\" data-widget_type=\"text-editor.default\">\n<div class=\"elementor-widget-container\">\n<div class=\"elementor-text-editor elementor-clearfix\">\n<p>Agora mais moderno e muito mais bonito, o Caminh\u00e3o Iveco Daily 65-180 conta com um design todo elaborado, com novas linhas arredondadas, grade frontal preta e cromada e para-choque tripartido, deixando sua rotina ficar ainda mais leve.<\/p>\n<\/div>\n<\/div>\n<\/div>\n<div class=\"elementor-element elementor-element-80149f0 elementor-widget elementor-widget-text-editor\" data-id=\"80149f0\" data-element_type=\"widget\" data-widget_type=\"text-editor.default\">\n<div class=\"elementor-widget-container\">\n<div class=\"elementor-text-editor elementor-clearfix\">\n<p>Tamb\u00e9m com novo painel e novos materiais de revestimento, trazendo mais modernidade e funcionalidade ao modelo da vers\u00e3o leve, tem sua ergonomia assegurada pela coluna de dire\u00e7\u00e3o com regulagem e novo \u00e2ngulo do para-brisa, que aumentam conforto e visibilidade para o motorista.<\/p>\n<\/div>\n<\/div>\n<\/div>\n<div class=\"elementor-element elementor-element-b1471b1 elementor-widget elementor-widget-text-editor\" data-id=\"b1471b1\" data-element_type=\"widget\" data-widget_type=\"text-editor.default\">\n<div class=\"elementor-widget-container\">\n<div class=\"elementor-text-editor elementor-clearfix\">\n<p>Al\u00e9m de uma cabine mais silenciosa, novo sistema com mais qualidade de som, al\u00e9m de ar-condicionado digital, oferecendo uma nova experi\u00eancia a bordo e maior facilidade e visibilidade nas manobras.<\/p>\n<p>Equipado com o motor FPT F1 C DS 3.0 com pot\u00eancia de 170 cv a 3.500 rpm e torque de 45,9 kgfm entre 1.250 e 2.900 rpm. O modelo apresenta melhor custo operacional de consumo e manuten\u00e7\u00e3o.<\/p>\n<p>O que era excelente est\u00e1 ainda melhor para se manter l\u00edder da categoria de venda de caminh\u00e3o Iveco no Brasil, sendo perfeito para a cidade. O novo layout do motor facilita a manuten\u00e7\u00e3o e a Tecnologia Eco Switch \u00e9 ativada apenas por um bot\u00e3o, gerando menos consumo de combust\u00edvel e menos trocas de marchas.<\/p>\n<p>Agilidade nas respostas e excelente desempenho, o motor FPT do Caminh\u00e3o Iveco Daily 65-180 oferece pot\u00eancia, economia com respostas mais r\u00e1pidas. Al\u00e9m de ter pe\u00e7as mais dur\u00e1veis sem perder a qualidade.<\/p>\n<p>Al\u00e9m do novo sistema Hill Holder,\u00a0transmiss\u00e3o mec\u00e2nica ZF 6S 480 VO, tra\u00e7\u00e3o traseira com eixo de simples redu\u00e7\u00e3o, capaz de oferecer excelente desempenho nas partidas em rampas.<\/p>\n<\/div>\n<\/div>\n<\/div>\n","protected":false},"excerpt":{"rendered":"<p>Com uma capacidade ainda maior para o transporte de cargas em geral, o Caminh\u00e3o Iveco Daily 65-180 conta com uma cabine completa, mais segura e confort\u00e1vel para oferecer a melhor experi\u00eancia poss\u00edvel aos motoristas. O que j\u00e1 era excelente foi aperfei\u00e7oado, o que trouxe mais desempenho ao modelo, proporcionando mais facilidade em manobras, respostas mais [&hellip;]<\/p>\n","protected":false},"featured_media":1892,"comment_status":"open","ping_status":"closed","template":"","meta":{"_acf_changed":false},"product_brand":[],"product_cat":[31,28],"product_tag":[],"class_list":{"0":"post-1891","1":"product","2":"type-product","3":"status-publish","4":"has-post-thumbnail","6":"product_cat-caminhoes-leves","7":"product_cat-iveco","9":"first","10":"instock","11":"shipping-taxable","12":"product-type-simple"},"acf":[],"_links":{"self":[{"href":"https:\/\/servel.com.br\/index.php?rest_route=\/wp\/v2\/product\/1891","targetHints":{"allow":["GET"]}}],"collection":[{"href":"https:\/\/servel.com.br\/index.php?rest_route=\/wp\/v2\/product"}],"about":[{"href":"https:\/\/servel.com.br\/index.php?rest_route=\/wp\/v2\/types\/product"}],"replies":[{"embeddable":true,"href":"https:\/\/servel.com.br\/index.php?rest_route=%2Fwp%2Fv2%2Fcomments&post=1891"}],"wp:featuredmedia":[{"embeddable":true,"href":"https:\/\/servel.com.br\/index.php?rest_route=\/wp\/v2\/media\/1892"}],"wp:attachment":[{"href":"https:\/\/servel.com.br\/index.php?rest_route=%2Fwp%2Fv2%2Fmedia&parent=1891"}],"wp:term":[{"taxonomy":"product_brand","embeddable":true,"href":"https:\/\/servel.com.br\/index.php?rest_route=%2Fwp%2Fv2%2Fproduct_brand&post=1891"},{"taxonomy":"product_cat","embeddable":true,"href":"https:\/\/servel.com.br\/index.php?rest_route=%2Fwp%2Fv2%2Fproduct_cat&post=1891"},{"taxonomy":"product_tag","embeddable":true,"href":"https:\/\/servel.com.br\/index.php?rest_route=%2Fwp%2Fv2%2Fproduct_tag&post=1891"}],"curies":[{"name":"wp","href":"https:\/\/api.w.org\/{rel}","templated":true}]}}