{"id":1902,"date":"2024-10-31T20:01:42","date_gmt":"2024-10-31T20:01:42","guid":{"rendered":"https:\/\/servel.com.br\/?post_type=product&#038;p=1902"},"modified":"2024-11-05T14:13:57","modified_gmt":"2024-11-05T14:13:57","slug":"edaily-chassi-cabine-7-2","status":"publish","type":"product","link":"https:\/\/servel.com.br\/?product=edaily-chassi-cabine-7-2","title":{"rendered":"EDAILY CHASSI CABINE 7.2"},"content":{"rendered":"<p>A nova Daily Chassi Cabina\u00a0<strong>abra\u00e7a conectividade para desbloquear um novo mundo de servi\u00e7os altamente personalizados<\/strong>\u00a0precisamente adaptados para coincidir com o uso do ve\u00edculo e suas necessidades.<\/p>\n<p><strong>\u00c9 a sua solu\u00e7\u00e3o de transporte completa, feita sob medida para o seu neg\u00f3cio.<\/strong><\/p>\n<p>A vers\u00e3o Chassi-Cabine do eDAILY \u00e9 ideal para quem busca um ve\u00edculo vers\u00e1til e personaliz\u00e1vel, adequado para transporte de carga e entregas urbanas.<br \/>\nDispon\u00edvel em vers\u00f5es de 4,2 t (rodado simples) e 7,2 t (rodado duplo), e com op\u00e7\u00f5es de baterias que atendem \u00e0s suas necessidades, o eDAILY Chassi-Cabine \u00e9 a solu\u00e7\u00e3o ideal para opera\u00e7\u00f5es urbanas sem emiss\u00f5es de poluentes.<br \/>\nUm ve\u00edculo leve feito para voc\u00ea rodar tranquilamente pela cidade com muita robustez, conforto e estabilidade. Al\u00e9m de n\u00e3o prejudicar o meio ambiente.<\/p>\n<p>NA Daily Chassis Cabina \u00e9 o ve\u00edculo comercial mais vers\u00e1til da sua classe. Seja qual for a sua miss\u00e3o &#8211; sejam entregas multi-stop urbanas, constru\u00e7\u00e3o, ou miss\u00f5es de transporte mais pesados, como a mudan\u00e7a m\u00f3veis &#8211; pode encontrar e personalizar a Daily para atender perfeitamente \u00e0s suas necessidades operacionais e de neg\u00f3cios.<\/p>\n<p>Carregue a sua Daily para a sua capacidade m\u00e1xima todos os dias, ano ap\u00f3s ano, sabendo que pode ser adaptado para completar cada miss\u00e3o de forma eficaz<br \/>\nBenef\u00edcio de toda a for\u00e7a do \u00fanico ve\u00edculo comercial ligeiro com longarinas do chassi de a\u00e7o s\u00f3lido, at\u00e9 5 mm de espessura<br \/>\nFa\u00e7a o trabalho mais r\u00e1pido e com menos viagens gra\u00e7as \u00e0 sua capacidade de carga \u00fatil de at\u00e9 4900 kg.<\/p>\n<p>Os motores da Nova Daily destacam-se pela sua efici\u00eancia de combust\u00edvel gra\u00e7as \u00e0 introdu\u00e7\u00e3o de funcionalidades como a nova turbina de geometria vari\u00e1vel controlada electronicamente, os exclusivos pneus Super Eco Low Rolling Classe A concebidos especificamente para o sistema Daily e Start &amp; Stop.<\/p>\n","protected":false},"excerpt":{"rendered":"<p>A nova Daily Chassi Cabina\u00a0abra\u00e7a conectividade para desbloquear um novo mundo de servi\u00e7os altamente personalizados\u00a0precisamente adaptados para coincidir com o uso do ve\u00edculo e suas necessidades. \u00c9 a sua solu\u00e7\u00e3o de transporte completa, feita sob medida para o seu neg\u00f3cio. A vers\u00e3o Chassi-Cabine do eDAILY \u00e9 ideal para quem busca um ve\u00edculo vers\u00e1til e personaliz\u00e1vel, [&hellip;]<\/p>\n","protected":false},"featured_media":1904,"comment_status":"open","ping_status":"closed","template":"","meta":{"_acf_changed":false},"product_brand":[],"product_cat":[31,28],"product_tag":[],"class_list":{"0":"post-1902","1":"product","2":"type-product","3":"status-publish","4":"has-post-thumbnail","6":"product_cat-caminhoes-leves","7":"product_cat-iveco","9":"first","10":"instock","11":"shipping-taxable","12":"product-type-simple"},"acf":[],"_links":{"self":[{"href":"https:\/\/servel.com.br\/index.php?rest_route=\/wp\/v2\/product\/1902","targetHints":{"allow":["GET"]}}],"collection":[{"href":"https:\/\/servel.com.br\/index.php?rest_route=\/wp\/v2\/product"}],"about":[{"href":"https:\/\/servel.com.br\/index.php?rest_route=\/wp\/v2\/types\/product"}],"replies":[{"embeddable":true,"href":"https:\/\/servel.com.br\/index.php?rest_route=%2Fwp%2Fv2%2Fcomments&post=1902"}],"wp:featuredmedia":[{"embeddable":true,"href":"https:\/\/servel.com.br\/index.php?rest_route=\/wp\/v2\/media\/1904"}],"wp:attachment":[{"href":"https:\/\/servel.com.br\/index.php?rest_route=%2Fwp%2Fv2%2Fmedia&parent=1902"}],"wp:term":[{"taxonomy":"product_brand","embeddable":true,"href":"https:\/\/servel.com.br\/index.php?rest_route=%2Fwp%2Fv2%2Fproduct_brand&post=1902"},{"taxonomy":"product_cat","embeddable":true,"href":"https:\/\/servel.com.br\/index.php?rest_route=%2Fwp%2Fv2%2Fproduct_cat&post=1902"},{"taxonomy":"product_tag","embeddable":true,"href":"https:\/\/servel.com.br\/index.php?rest_route=%2Fwp%2Fv2%2Fproduct_tag&post=1902"}],"curies":[{"name":"wp","href":"https:\/\/api.w.org\/{rel}","templated":true}]}}