{"id":2009,"date":"2024-11-25T12:00:01","date_gmt":"2024-11-25T12:00:01","guid":{"rendered":"https:\/\/servel.com.br\/?post_type=product&#038;p=2009"},"modified":"2024-11-25T12:01:17","modified_gmt":"2024-11-25T12:01:17","slug":"tector-24-280","status":"publish","type":"product","link":"https:\/\/servel.com.br\/?product=tector-24-280","title":{"rendered":"TECTOR 24-280"},"content":{"rendered":"<p>O Caminh\u00e3o Iveco Tector 24-280 \u00e9 um dos semipesados mais modernos do Brasil. Ele possui um motor grande e potente, e \u00e9 um modelo vers\u00e1til que se adepta para a cidade ou fora de estrada, e \u00e9 ideal para qualquer necessidade ou neg\u00f3cio.\u00a0Al\u00e9m disso, \u00e9 um ve\u00edculo econ\u00f4mico, com seu motor da s\u00e9rie FPT NEF, como toda a linha Iveco. Combinando pot\u00eancia e tecnologia, ele consegue oferecer uma incr\u00edvel performance, ao mesmo tempo que respeita o meio ambiente.<br \/>\nOs modelos de Caminh\u00e3o Iveco Tector da concession\u00e1ria de caminh\u00e3o Iveco sempre trazem o conforto como um dos principais atributos, tudo para garantir que o motorista tenha uma melhor experi\u00eancia ao volante, viagens menos cansativas e um dia a dia no trabalho otimizado.<\/p>\n<p>O Caminh\u00e3o Iveco Tector 24-280 apresenta um design moderno e bonito, tanto por fora, quanto por dentro. Seu interior \u00e9 muito confort\u00e1vel para o motorista, com o objetivo de diminuir o cansa\u00e7o nas longas horas de viagem. A cabine \u00e9 espa\u00e7osa, para garantir melhor mobilidade e comodidade, com coluna de dire\u00e7\u00e3o regul\u00e1vel, e banco do condutor com suspens\u00e3o pneum\u00e1tica, para garantir uma posi\u00e7\u00e3o com o m\u00e1ximo de conforto.<br \/>\nEsse modelo de Caminh\u00e3o Iveco Tector conta com uma cabine de tecnologia avan\u00e7ada, com basculante com aux\u00edlio mec\u00e2nico, estrutura em pain\u00e9is de a\u00e7o, tratamento catafor\u00e9tico anticorros\u00e3o e aplica\u00e7\u00e3o de isolamento termoac\u00fastico e antiabras\u00e3o. Al\u00e9m disso, possui computador de bordo para que o motorista consiga gerenciar v\u00e1rias fun\u00e7\u00f5es no caminh\u00e3o.<\/p>\n<p>O Caminh\u00e3o Iveco Tector 24-280 tem sistemas de estabilidade e suspens\u00e3o eficientes, que proporcionam maior seguran\u00e7a ao volante.<br \/>\nPossui o EVSC (Sistema de Controle Eletr\u00f4nico de Estabilidade) e freio ABS, suspens\u00e3o da cabine com molas helidocais e amortecedores telesc\u00f3picos nos quatro cantos e menor vibra\u00e7\u00e3o na alavanca de mudan\u00e7as.<br \/>\nEle ainda apresenta facilidade no engate de marchas a cabo, o que exige menor esfor\u00e7o do motorista e auxilia na melhora da dirigibilidade.<br \/>\nTem suspens\u00e3o dianteira mec\u00e2nica com molas parab\u00f3licas, amortecedores hidr\u00e1ulicos telesc\u00f3picos e barra estabilizadora; e suspens\u00e3o traseira mec\u00e2nica do tipo balancim, molas semiel\u00edpticas assim\u00e9tricas, simples est\u00e1gio, com eleva\u00e7\u00e3o pneum\u00e1tica do 3\u00ba eixo.<\/p>\n","protected":false},"excerpt":{"rendered":"<p>O Caminh\u00e3o Iveco Tector 24-280 \u00e9 um dos semipesados mais modernos do Brasil. Ele possui um motor grande e potente, e \u00e9 um modelo vers\u00e1til que se adepta para a cidade ou fora de estrada, e \u00e9 ideal para qualquer necessidade ou neg\u00f3cio.\u00a0Al\u00e9m disso, \u00e9 um ve\u00edculo econ\u00f4mico, com seu motor da s\u00e9rie FPT NEF, [&hellip;]<\/p>\n","protected":false},"featured_media":2010,"comment_status":"open","ping_status":"closed","template":"","meta":{"_acf_changed":false},"product_brand":[],"product_cat":[33,28],"product_tag":[],"class_list":{"0":"post-2009","1":"product","2":"type-product","3":"status-publish","4":"has-post-thumbnail","6":"product_cat-caminhoes-semipesados","7":"product_cat-iveco","9":"first","10":"instock","11":"shipping-taxable","12":"product-type-simple"},"acf":[],"_links":{"self":[{"href":"https:\/\/servel.com.br\/index.php?rest_route=\/wp\/v2\/product\/2009","targetHints":{"allow":["GET"]}}],"collection":[{"href":"https:\/\/servel.com.br\/index.php?rest_route=\/wp\/v2\/product"}],"about":[{"href":"https:\/\/servel.com.br\/index.php?rest_route=\/wp\/v2\/types\/product"}],"replies":[{"embeddable":true,"href":"https:\/\/servel.com.br\/index.php?rest_route=%2Fwp%2Fv2%2Fcomments&post=2009"}],"wp:featuredmedia":[{"embeddable":true,"href":"https:\/\/servel.com.br\/index.php?rest_route=\/wp\/v2\/media\/2010"}],"wp:attachment":[{"href":"https:\/\/servel.com.br\/index.php?rest_route=%2Fwp%2Fv2%2Fmedia&parent=2009"}],"wp:term":[{"taxonomy":"product_brand","embeddable":true,"href":"https:\/\/servel.com.br\/index.php?rest_route=%2Fwp%2Fv2%2Fproduct_brand&post=2009"},{"taxonomy":"product_cat","embeddable":true,"href":"https:\/\/servel.com.br\/index.php?rest_route=%2Fwp%2Fv2%2Fproduct_cat&post=2009"},{"taxonomy":"product_tag","embeddable":true,"href":"https:\/\/servel.com.br\/index.php?rest_route=%2Fwp%2Fv2%2Fproduct_tag&post=2009"}],"curies":[{"name":"wp","href":"https:\/\/api.w.org\/{rel}","templated":true}]}}