{"id":469,"date":"2023-09-04T17:22:54","date_gmt":"2023-09-04T17:22:54","guid":{"rendered":"https:\/\/servel.com.br\/?post_type=product&#038;p=469"},"modified":"2024-01-26T00:48:02","modified_gmt":"2024-01-26T00:48:02","slug":"escavadeira-e145c-evo","status":"publish","type":"product","link":"https:\/\/servel.com.br\/?product=escavadeira-e145c-evo","title":{"rendered":"Escavadeira E145C EVO"},"content":{"rendered":"<p>A Escavadeira New Holland S\u00e9rie C EVO \u00e9 uma m\u00e1quina avan\u00e7ada, destacando-se por seu desempenho superior e efici\u00eancia energ\u00e9tica. Equipada com um novo sistema hidr\u00e1ulico aprimorado e um bra\u00e7o robusto do tipo HD, oferece durabilidade e efici\u00eancia. A cabine EVO certificada internacionalmente garante seguran\u00e7a, conforto e ampla visibilidade. <\/p>\n<p>O modelo E145C EVO possui um extenso conjunto de recursos padr\u00e3o, incluindo sistema de amortecimento, ar-condicionado, r\u00e1dio, entre outros. O chassi superior apresenta uma lan\u00e7a monobloco e freio de giro eletr\u00f4nico, enquanto o chassi inferior conta com sapatas de 600 mm e acionamento hidrost\u00e1tico. <\/p>\n<p>O motor Isuzu Turboalimentado TIER-III oferece controle eletr\u00f4nico de acelera\u00e7\u00e3o. O sistema el\u00e9trico possui baterias duplas e monitoramento eletr\u00f4nico. O sistema hidr\u00e1ulico, com controles ISO, auto power-boost e duas bombas de pist\u00e3o, garante efici\u00eancia nas opera\u00e7\u00f5es. Al\u00e9m disso, recursos como lubrifica\u00e7\u00e3o centralizada e ca\u00e7amba GD de 0,65 m3 contribuem para a versatilidade e desempenho da escavadeira.<\/p>\n","protected":false},"excerpt":{"rendered":"<p>A Escavadeira New Holland S\u00e9rie C EVO \u00e9 uma m\u00e1quina avan\u00e7ada, destacando-se por seu desempenho superior e efici\u00eancia energ\u00e9tica. Equipada com um novo sistema hidr\u00e1ulico aprimorado e um bra\u00e7o robusto do tipo HD, oferece durabilidade e efici\u00eancia. A cabine EVO certificada internacionalmente garante seguran\u00e7a, conforto e ampla visibilidade. O modelo E145C EVO possui um extenso [&hellip;]<\/p>\n","protected":false},"featured_media":610,"comment_status":"open","ping_status":"closed","template":"","meta":{"_acf_changed":false},"product_brand":[],"product_cat":[45,30],"product_tag":[],"class_list":{"0":"post-469","1":"product","2":"type-product","3":"status-publish","4":"has-post-thumbnail","6":"product_cat-escavadeiras","7":"product_cat-new-holland","9":"first","10":"instock","11":"shipping-taxable","12":"purchasable","13":"product-type-simple"},"acf":[],"_links":{"self":[{"href":"https:\/\/servel.com.br\/index.php?rest_route=\/wp\/v2\/product\/469","targetHints":{"allow":["GET"]}}],"collection":[{"href":"https:\/\/servel.com.br\/index.php?rest_route=\/wp\/v2\/product"}],"about":[{"href":"https:\/\/servel.com.br\/index.php?rest_route=\/wp\/v2\/types\/product"}],"replies":[{"embeddable":true,"href":"https:\/\/servel.com.br\/index.php?rest_route=%2Fwp%2Fv2%2Fcomments&post=469"}],"wp:featuredmedia":[{"embeddable":true,"href":"https:\/\/servel.com.br\/index.php?rest_route=\/wp\/v2\/media\/610"}],"wp:attachment":[{"href":"https:\/\/servel.com.br\/index.php?rest_route=%2Fwp%2Fv2%2Fmedia&parent=469"}],"wp:term":[{"taxonomy":"product_brand","embeddable":true,"href":"https:\/\/servel.com.br\/index.php?rest_route=%2Fwp%2Fv2%2Fproduct_brand&post=469"},{"taxonomy":"product_cat","embeddable":true,"href":"https:\/\/servel.com.br\/index.php?rest_route=%2Fwp%2Fv2%2Fproduct_cat&post=469"},{"taxonomy":"product_tag","embeddable":true,"href":"https:\/\/servel.com.br\/index.php?rest_route=%2Fwp%2Fv2%2Fproduct_tag&post=469"}],"curies":[{"name":"wp","href":"https:\/\/api.w.org\/{rel}","templated":true}]}}