{"id":471,"date":"2023-09-04T17:30:44","date_gmt":"2023-09-04T17:30:44","guid":{"rendered":"https:\/\/servel.com.br\/?post_type=product&#038;p=471"},"modified":"2024-01-26T01:06:24","modified_gmt":"2024-01-26T01:06:24","slug":"pa-carregadeira-12d-evo","status":"publish","type":"product","link":"https:\/\/servel.com.br\/?product=pa-carregadeira-12d-evo","title":{"rendered":"P\u00e1 Carregadeira 12D EVO"},"content":{"rendered":"<p>A p\u00e1-carregadeira 12D EVO apresenta um motor FPT, modelo NEF6 TIER 3, que combina desempenho elevado, confiabilidade e efici\u00eancia em termos de consumo de combust\u00edvel. Seus freios servoassistidos hidraulicamente garantem seguran\u00e7a em opera\u00e7\u00f5es diversas, com discos em banho de \u00f3leo e circuitos independentes. <\/p>\n<p>A transmiss\u00e3o Powershift, de quatro marchas para frente e tr\u00eas para tr\u00e1s, proporciona suavidade e economia, auxiliada pelo Sistema Declutch.<\/p>\n<p>O conjunto oferece desempenho elevado com baixo custo operacional, destacando-se ainda pela nova transmiss\u00e3o ZF que converte a pot\u00eancia do motor em m\u00e1xima produtividade. Recursos como o Sistema Declutch promovem ciclos mais r\u00e1pidos e efici\u00eancia energ\u00e9tica. A seguran\u00e7a \u00e9 refor\u00e7ada por dispositivos antivandalismo e diferenciais com bloqueio autom\u00e1tico antipatinagem. <\/p>\n<p>A p\u00e1-carregadeira \u00e9 equipada com uma s\u00e9rie de acess\u00f3rios, incluindo ca\u00e7amba de 1,91 m\u00b3, assento anat\u00f4mico regul\u00e1vel, buzina, entre outros. A cabine ROPS\/FOPS com ar-condicionado proporciona conforto ao operador.<\/p>\n","protected":false},"excerpt":{"rendered":"<p>A p\u00e1-carregadeira 12D EVO apresenta um motor FPT, modelo NEF6 TIER 3, que combina desempenho elevado, confiabilidade e efici\u00eancia em termos de consumo de combust\u00edvel. Seus freios servoassistidos hidraulicamente garantem seguran\u00e7a em opera\u00e7\u00f5es diversas, com discos em banho de \u00f3leo e circuitos independentes. A transmiss\u00e3o Powershift, de quatro marchas para frente e tr\u00eas para tr\u00e1s, [&hellip;]<\/p>\n","protected":false},"featured_media":613,"comment_status":"open","ping_status":"closed","template":"","meta":{"_acf_changed":false},"product_brand":[],"product_cat":[47,30],"product_tag":[],"class_list":{"0":"post-471","1":"product","2":"type-product","3":"status-publish","4":"has-post-thumbnail","6":"product_cat-pas","7":"product_cat-new-holland","9":"first","10":"instock","11":"shipping-taxable","12":"purchasable","13":"product-type-simple"},"acf":[],"_links":{"self":[{"href":"https:\/\/servel.com.br\/index.php?rest_route=\/wp\/v2\/product\/471","targetHints":{"allow":["GET"]}}],"collection":[{"href":"https:\/\/servel.com.br\/index.php?rest_route=\/wp\/v2\/product"}],"about":[{"href":"https:\/\/servel.com.br\/index.php?rest_route=\/wp\/v2\/types\/product"}],"replies":[{"embeddable":true,"href":"https:\/\/servel.com.br\/index.php?rest_route=%2Fwp%2Fv2%2Fcomments&post=471"}],"wp:featuredmedia":[{"embeddable":true,"href":"https:\/\/servel.com.br\/index.php?rest_route=\/wp\/v2\/media\/613"}],"wp:attachment":[{"href":"https:\/\/servel.com.br\/index.php?rest_route=%2Fwp%2Fv2%2Fmedia&parent=471"}],"wp:term":[{"taxonomy":"product_brand","embeddable":true,"href":"https:\/\/servel.com.br\/index.php?rest_route=%2Fwp%2Fv2%2Fproduct_brand&post=471"},{"taxonomy":"product_cat","embeddable":true,"href":"https:\/\/servel.com.br\/index.php?rest_route=%2Fwp%2Fv2%2Fproduct_cat&post=471"},{"taxonomy":"product_tag","embeddable":true,"href":"https:\/\/servel.com.br\/index.php?rest_route=%2Fwp%2Fv2%2Fproduct_tag&post=471"}],"curies":[{"name":"wp","href":"https:\/\/api.w.org\/{rel}","templated":true}]}}