{"id":574,"date":"2024-01-15T14:06:29","date_gmt":"2024-01-15T14:06:29","guid":{"rendered":"https:\/\/servel.com.br\/?post_type=product&#038;p=574"},"modified":"2024-11-05T14:18:46","modified_gmt":"2024-11-05T14:18:46","slug":"daily-30-160","status":"publish","type":"product","link":"https:\/\/servel.com.br\/?product=daily-30-160","title":{"rendered":"DAILY 30-160"},"content":{"rendered":"<p>O IVECO Daily City Chassi 30-160 destaca-se por sua economia de combust\u00edvel com a Fun\u00e7\u00e3o Eco Switch, custo-benef\u00edcio favor\u00e1vel e design moderno. Oferece maior seguran\u00e7a com tecnologia avan\u00e7ada de frenagem e possui um potente motor FPT F1C Turbo para desempenho semelhante a carros esportivos.<\/p>\n<p>Com foco em efici\u00eancia, a tecnologia Eco Switch proporciona uma dire\u00e7\u00e3o econ\u00f4mica, enquanto a transmiss\u00e3o ZF 6S480 e o sistema de freios avan\u00e7ado garantem excelente desempenho. A seguran\u00e7a \u00e9 refor\u00e7ada com recursos como ESP adaptativo, freios a disco e airbags duplos.<\/p>\n<p>O novo design, alinhado aos padr\u00f5es globais, destaca-se pela efici\u00eancia aerodin\u00e2mica e elementos modernos, como far\u00f3is com luz diurna. Internamente, a cabine reformulada oferece conforto adicional, com um painel silencioso, ar-condicionado potente e controles funcionais.<\/p>\n<p>Resumidamente, o IVECO Daily City Chassi 30-160 combina efici\u00eancia, seguran\u00e7a e design moderno, proporcionando uma experi\u00eancia de dire\u00e7\u00e3o confort\u00e1vel e econ\u00f4mica para atender \u00e0s demandas de neg\u00f3cios.<\/p>\n","protected":false},"excerpt":{"rendered":"<p>O IVECO Daily City Chassi 30-160 destaca-se por sua economia de combust\u00edvel com a Fun\u00e7\u00e3o Eco Switch, custo-benef\u00edcio favor\u00e1vel e design moderno. Oferece maior seguran\u00e7a com tecnologia avan\u00e7ada de frenagem e possui um potente motor FPT F1C Turbo para desempenho semelhante a carros esportivos. Com foco em efici\u00eancia, a tecnologia Eco Switch proporciona uma dire\u00e7\u00e3o [&hellip;]<\/p>\n","protected":false},"featured_media":1038,"comment_status":"open","ping_status":"closed","template":"","meta":{"_acf_changed":false},"product_brand":[],"product_cat":[31,28],"product_tag":[],"class_list":{"0":"post-574","1":"product","2":"type-product","3":"status-publish","4":"has-post-thumbnail","6":"product_cat-caminhoes-leves","7":"product_cat-iveco","9":"first","10":"instock","11":"shipping-taxable","12":"purchasable","13":"product-type-simple"},"acf":[],"_links":{"self":[{"href":"https:\/\/servel.com.br\/index.php?rest_route=\/wp\/v2\/product\/574","targetHints":{"allow":["GET"]}}],"collection":[{"href":"https:\/\/servel.com.br\/index.php?rest_route=\/wp\/v2\/product"}],"about":[{"href":"https:\/\/servel.com.br\/index.php?rest_route=\/wp\/v2\/types\/product"}],"replies":[{"embeddable":true,"href":"https:\/\/servel.com.br\/index.php?rest_route=%2Fwp%2Fv2%2Fcomments&post=574"}],"wp:featuredmedia":[{"embeddable":true,"href":"https:\/\/servel.com.br\/index.php?rest_route=\/wp\/v2\/media\/1038"}],"wp:attachment":[{"href":"https:\/\/servel.com.br\/index.php?rest_route=%2Fwp%2Fv2%2Fmedia&parent=574"}],"wp:term":[{"taxonomy":"product_brand","embeddable":true,"href":"https:\/\/servel.com.br\/index.php?rest_route=%2Fwp%2Fv2%2Fproduct_brand&post=574"},{"taxonomy":"product_cat","embeddable":true,"href":"https:\/\/servel.com.br\/index.php?rest_route=%2Fwp%2Fv2%2Fproduct_cat&post=574"},{"taxonomy":"product_tag","embeddable":true,"href":"https:\/\/servel.com.br\/index.php?rest_route=%2Fwp%2Fv2%2Fproduct_tag&post=574"}],"curies":[{"name":"wp","href":"https:\/\/api.w.org\/{rel}","templated":true}]}}